 the prime factors of 1263?
3, 421
What are the prime factors of 7772?
2, 29, 67
What are the prime factors of 932?
2, 233
List the prime factors of 1066.
2, 13, 41
What are the prime factors of 3830?
2, 5, 383
What are the prime factors of 17549?
7, 23, 109
What are the prime factors of 2230?
2, 5, 223
List the prime factors of 74.
2, 37
List the prime factors of 1247.
29, 43
What are the prime factors of 54153?
3, 11, 547
What are the prime factors of 47733?
3, 7, 2273
List the prime factors of 3572.
2, 19, 47
What are the prime factors of 5845?
5, 7, 167
What are the prime factors of 6481?
6481
What are the prime factors of 2100?
2, 3, 5, 7
What are the prime factors of 15218?
2, 7, 1087
List the prime factors of 30377.
37, 821
What are the prime factors of 115187?
229, 503
List the prime factors of 2307.
3, 769
List the prime factors of 62.
2, 31
What are the prime factors of 2944?
2, 23
List the prime factors of 10235.
5, 23, 89
List the prime factors of 17229.
3, 5743
List the prime factors of 31927.
7, 4561
What are the prime factors of 22764?
2, 3, 7, 271
What are the prime factors of 12955?
5, 2591
What are the prime factors of 103889?
103889
What are the prime factors of 1408?
2, 11
What are the prime factors of 8609?
8609
What are the prime factors of 7631?
13, 587
What are the prime factors of 37870?
2, 5, 7, 541
What are the prime factors of 1288?
2, 7, 23
What are the prime factors of 74449?
74449
List the prime factors of 4549.
4549
What are the prime factors of 4441?
4441
List the prime factors of 1303.
1303
What are the prime factors of 67739?
7, 9677
What are the prime factors of 3633?
3, 7, 173
What are the prime factors of 751?
751
List the prime factors of 72783.
3, 8087
List the prime factors of 36489.
3, 12163
What are the prime factors of 35007?
3, 7, 1667
List the prime factors of 20888.
2, 7, 373
List the prime factors of 1229.
1229
List the prime factors of 2305.
5, 461
What are the prime factors of 1484?
2, 7, 53
What are the prime factors of 30841?
30841
List the prime factors of 14655.
3, 5, 977
List the prime factors of 161269.
29, 67, 83
List the prime factors of 582.
2, 3, 97
List the prime factors of 35789.
13, 2753
List the prime factors of 1324.
2, 331
List the prime factors of 33674.
2, 113, 149
List the prime factors of 836.
2, 11, 19
What are the prime factors of 336?
2, 3, 7
What are the prime factors of 562?
2, 281
List the prime factors of 4164.
2, 3, 347
What are the prime factors of 2960?
2, 5, 37
List the prime factors of 53092.
2, 13, 1021
What are the prime factors of 1334?
2, 23, 29
List the prime factors of 28926.
2, 3, 1607
What are the prime factors of 33065?
5, 17, 389
What are the prime factors of 38345?
5, 7669
List the prime factors of 20728.
2, 2591
List the prime factors of 150.
2, 3, 5
What are the prime factors of 5500?
2, 5, 11
What are the prime factors of 14762?
2, 11, 61
What are the prime factors of 2118?
2, 3, 353
List the prime factors of 3061.
3061
What are the prime factors of 295?
5, 59
What are the prime factors of 4969?
4969
List the prime factors of 6329.
6329
What are the prime factors of 494?
2, 13, 19
What are the prime factors of 738?
2, 3, 41
What are the prime factors of 107?
107
List the prime factors of 1193.
1193
What are the prime factors of 734?
2, 367
What are the prime factors of 48711?
3, 13, 1249
List the prime factors of 10118.
2, 5059
What are the prime factors of 952?
2, 7, 17
What are the prime factors of 116?
2, 29
What are the prime factors of 44612?
2, 19, 587
List the prime factors of 19713.
3, 6571
List the prime factors of 10140.
2, 3, 5, 13
What are the prime factors of 16040?
2, 5, 401
What are the prime factors of 71231?
19, 23, 163
What are the prime factors of 2816?
2, 11
List the prime factors of 965.
5, 193
List the prime factors of 3393.
3, 13, 29
What are the prime factors of 10277?
43, 239
List the prime factors of 1584.
2, 3, 11
What are the prime factors of 1047?
3, 349
List the prime factors of 396.
2, 3, 11
List the prime factors of 3610.
2, 5, 19
List the prime factors of 17055.
3, 5, 379
List the prime factors of 12347.
12347
List the prime factors of 22360.
2, 5, 13, 43
List the prime factors of 86942.
2, 29, 1499
List the prime factors of 6549.
3, 37, 59
What are the prime factors of 6487?
13, 499
List the prime factors of 6897.
3, 11, 19
What are the prime factors of 18918?
2, 3, 1051
List the prime factors of 729.
3
List the prime factors of 2456.
2, 307
What are the prime factors of 25994?
2, 41, 317
List the prime factors of 11832.
2, 3, 17, 29
What are the prime factors of 2468?
2, 617
What are the prime factors of 3987?
3, 443
List the prime factors of 39657.
3, 13219
What are the prime factors of 36413?
13, 2801
What are the prime factors of 1331?
11
List the prime factors of 1855.
5, 7, 53
List the prime factors of 50911.
7, 1039
What are the prime factors of 35294?
2, 7, 2521
What are the prime factors of 2066?
2, 1033
List the prime factors of 2450.
2, 5, 7
What are the prime factors of 15045?
3, 5, 17, 59
List the prime factors of 1816.
2, 227
List the prime factors of 831.
3, 277
What are the prime factors of 1443?
3, 13, 37
List the prime factors of 81.
3
What are the prime factors of 17598?
2, 3, 7, 419
List the prime factors of 109.
109
List the prime factors of 18273.
3, 6091
What are the prime factors of 3910?
2, 5, 17, 23
What are the prime factors of 3137?
3137
What are the prime factors of 115691?
19, 6089
What are the prime factors of 2501?
41, 61
List the prime factors of 5079.
3, 1693
What are the prime factors of 14875?
5, 7, 17
List the prime factors of 752.
2, 47
List the prime factors of 6674.
2, 47, 71
List the prime factors of 1355.
5, 271
What are the prime factors of 71933?
71933
List the prime factors of 2852.
2, 23, 31
List the prime factors of 101891.
101891
List the prime factors of 3623.
3623
What are the prime factors of 499?
499
List the prime factors of 122164.
2, 7, 4363
List the prime factors of 1614.
2, 3, 269
What are the prime factors of 3266?
2, 23, 71
List the prime factors of 12016.
2, 751
What are the prime factors of 8352?
2, 3, 29
What are the prime factors of 858?
2, 3, 11, 13
What are the prime factors of 259?
7, 37
List the prime factors of 21942.
2, 3, 23, 53
What are the prime factors of 4492?
2, 1123
What are the prime factors of 47404?
2, 7, 1693
What are the prime factors of 20503?
7, 29, 101
What are the prime factors of 42945?
3, 5, 7, 409
List the prime factors of 11090.
2, 5, 1109
What are the prime factors of 24187?
19, 67
List the prime factors of 1838.
2, 919
List the prime factors of 5981.
5981
What are the prime factors of 1050?
2, 3, 5, 7
List the prime factors of 454.
2, 227
What are the prime factors of 59644?
2, 13, 31, 37
What are the prime factors of 33822?
2, 3, 1879
List the prime factors of 5326.
2, 2663
What are the prime factors of 8538?
2, 3, 1423
What are the prime factors of 1283?
1283
List the prime factors of 12375.
3, 5, 11
What are the prime factors of 98937?
3, 10993
List the prime factors of 43979.
13, 17, 199
What are the prime factors of 965?
5, 193
What are the prime factors of 4529?
7, 647
What are the prime factors of 1233?
3, 137
What are the prime factors of 38141?
43, 887
List the prime factors of 670.
2, 5, 67
List the prime factors of 1583.
1583
What are the prime factors of 277?
277
List the prime factors of 23.
23
What are the prime factors of 334?
2, 167
List the prime factors of 1799.
7, 257
List the prime factors of 9031.
11, 821
What are the prime factors of 3438?
2, 3, 191
List the prime factors of 16632.
2, 3, 7, 11
List the prime factors of 913.
11, 83
List the prime factors of 137.
137
What are the prime factors of 4654?
2, 13, 179
List the prime factors of 854.
2, 7, 61
What are the prime factors of 5999?
7, 857
What are the prime factors of 3382?
2, 19, 89
List the prime factors of 36919.
36919
What are the prime factors of 15373?
15373
List the prime factors of 1084.
2, 271
What are the prime factors of 7504?
2, 7, 67
What are the prime factors of 1279?
1279
What are the prime factors of 5802?
2, 3, 967
List the prime factors of 13732.
2, 3433
What are the prime factors of 19618?
2, 17, 577
List the prime factors of 6